What is the remainder when 185 is divided by d?
7
Suppose -352 = -9*l + 107. Suppose 17 = n - 5*r + 4*r, l = 3*n - r. Suppose -14*y + n*y - 159 = 0. Calculate the remainder when y is divided by 14.
11
Suppose -3*h + 4*h + d = 9, 3*h + 2*d - 31 = 0. What is the remainder when h is divided by 11?
2
Let r be -4*(-1 - -2)*-42. Let h be (-3)/(-2*4/r). Let a = h + -30. What is the remainder when a is divided by 12?
9
Let a = -50 + 48. Let g = 4 - a. What is the remainder when g is divided by 3?
0
What is the remainder when (-11 + 7)/(-4)*(-27)/(-1) is divided by 7?
6
Let d(b) = -2*b**2 - 14*b - 9. Calculate the remainder when (6/(-9))/((-14)/1113) is divided by d(-5).
9
Let s = -25 + 104. Calculate the remainder when 301 is divided by s.
64
Suppose 182 = 6*r - 22. Suppose 5*u - 132 - 543 = 0. Calculate the remainder when u is divided by r.
33
Let r(p) = 267*p**2 + 105*p + 104. What is the remainder when r(-1) is divided by 39?
32
Let b = -60 - -89. Let p(s) = 55*s**2 + 2*s + 2. Calculate the remainder when p(-1) is divided by b.
26
Let d = 130 + -127. Let r = 8 + -3. Calculate the remainder when r is divided by d.
2
Suppose 0 = 3*m + 11*k - 14*k - 195, 194 = 3*m - 2*k. Calculate the remainder when m is divided by 24.
16
Suppose 0 = 76*h - 69*h - 70. Calculate the remainder when 37 is divided by h.
7
What is the remainder when (-4470)/(-42) - 24/(-42) is divided by 27?
26
Suppose 0 = -w + 5 + 3. Let c = 261 - 258. Calculate the remainder when w is divided by c.
2
Let b(g) = -g**3 + 7*g**2 - 4*g - 5. Let y be b(6). Suppose 20 = p + y. What is the remainder when (-61 - -1)*(-4)/10 is divided by p?
11
Suppose -b - 2*b + 4*d - 296 = 0, 3*b - 2*d = -298. Let x = 168 + b. Calculate the remainder when x is divided by 18.
14
Suppose -720 = -6*o - 0*o. Suppose -15*u = -11*u - o. What is the remainder when 238 is divided by u?
28
Suppose 5*l + 5*w - 175 = 2*l, 5*w + 5 = 0. Let j = 47 - 26. Calculate the remainder when l is divided by j.
18
Let w(t) = t - 1 - 9 + 0*t + 2*t. Let b(f) = -f**3 - 5*f**2 - 7*f - 8. Calculate the remainder when w(8) is divided by b(-4).
2
Suppose 2*c - d + 154 = 7*c, c - 18 = 3*d. What is the remainder when 89 is divided by c?
29
Let b(k) = -k**3 + 3*k**2 - 2. Let w be b(2). Suppose -25 = -5*c, -5*l + 43 = 4*c - 17. Suppose -w*h = -32 - l. Calculate the remainder when h is divided by 11.
9
Let l(k) = 3*k**2 + 2*k + 2. Suppose -54 = -4*w - 58. What is the remainder when l(w) is divided by -5*(9/5)/(-3)?
0
Suppose 5*d - 575 = -0*d. Suppose -5*x = -0*x - d. What is the remainder when x is divided by 14*(-1 - 39/(-21))?
11
Let p(x) = -x - 3. Let d be ((-3)/2)/((-7)/(-14)). Let b be p(d). Suppose 5*j + b*f - 2*f = 167, 4*f = j - 19. What is the remainder when j is divided by 13?
9
Suppose 20*w + 177 = 23*w. Suppose -d + 6 = -3*q + 2*d, -2*q - d + 2 = 0. Suppose q*m - 3*m = -60. Calculate the remainder when w is divided by m.
19
Let x(n) = -4*n**3 + 50*n**2 - 12*n + 58. What is the remainder when x(12) is divided by 79?
44
Suppose 3*a + 2032 = 19*a. What is the remainder when a is divided by 8?
7
Suppose -845 - 255 = -20*x. What is the remainder when 105 is divided by x?
50
Let w(b) = -4*b**3 - b**2 + 5*b + 11. What is the remainder when 173 is divided by w(-2)?
28
Suppose -804 = 13*z - 2312. Calculate the remainder when z is divided by 52.
12
Let m = 23 + 10. Let l = 8 + -1. Suppose -l*w = 6*w - 234. What is the remainder when m is divided by w?
15
Suppose 2*i = 5*t - 21, 5*i + 3*t - 22 = 3. Suppose -124 = 6*y - i*y. What is the remainder when 1*(2 + -3)*y is divided by 11?
9
Let q(f) = -9*f + 2. Let c be -2*((-285)/10 + 1). Let g = c - 45. Calculate the remainder when q(-3) is divided by g.
9
Let k(m) = -m**3 + 2*m**2 + 6*m - 4. Let q be k(3). Suppose q*l - 425 = 355. What is the remainder when l is divided by 40?
36
Suppose 51 = 5*r + 3*v, -r + 19 = 4*v + v. What is the remainder when r/(-6)*(-88)/6 is divided by (-2 + 0 + 3)*8?
6
Suppose -2*y = -z - 4*z + 34, 3*z - 27 = -y. Let i = 33 - z. Calculate the remainder when i is divided by 4.
1
Calculate the remainder when (6/(-10))/(1/(-740)*4) is divided by 28.
27
Calculate the remainder when 348/232 - (-430)/4 is divided by 16.
13
Let a(r) = -r**2 - 7*r + 4. Let q be a(-7). Suppose -3*d + q*d = 4. Suppose d*x = -x + 100. What is the remainder when 59 is divided by x?
19
Let h = 5342 - 5215. Suppose 0 = 7*d - 2*d - 215. Calculate the remainder when h is divided by d.
41
Suppose -2*w + 3*a = -13, 0 = w + w + a - 9. Suppose 5*d - 125 = -w*j, -4*j - 55 = -5*d + 115. What is the remainder when 58 is divided by d?
28
Let w(z) = -16*z - 11. What is the remainder when 79 is divided by w(-2)?
16
Suppose 5*j + 2*o - 1923 = 2252, 0 = -j + 3*o + 835. What is the remainder when j is divided by 105?
100
Let z be 3*-2*(-7)/(42/4). Suppose 2*g - 107 = -3*g - 4*x, 0 = -z*g + 5*x + 102. What is the remainder when g is divided by 13?
10
Suppose 22*p = 6*p + 80. What is the remainder when 28 is divided by p?
3
Suppose -5*f = 2*r - 107, f - 193 = -7*r + 4*r. What is the remainder when r is divided by (-9)/(-6) + (-62)/(-4)?
15
Let f(g) = -g**2 + 7*g + 9. Let l = -17 - -25. Let y be f(l). What is the remainder when 131 is divided by (-33)/(1 + y + -3)?
32
Let q(s) = s**2 - s - 22. What is the remainder when 309 is divided by q(6)?
5
What is the remainder when (3*(-4)/24)/((-10)/820) is divided by 5?
1
Suppose -2900 - 760 = -15*x. What is the remainder when x is divided by 19?
16
Let m(a) = -a**3 + 12*a**2 + 31*a. What is the remainder when 198 is divided by m(14)?
30
Let u(f) = 3*f**2 + 10*f - 12. Suppose h - 26 = 4*x, 2*x = 5*x + 3*h + 12. Calculate the remainder when u(x) is divided by 10.
6
Let a(g) = -g**2 - 2*g. Let n be a(5). Let i = 184 + n. Let h = i - 83. What is the remainder when h is divided by 17?
15
Let a = -93 - -237. What is the remainder when a is divided by 68?
8
Let u(w) = 2*w**3 + 3*w**2 + 4*w - 10. Let p be u(4). Let k = p + -59. Calculate the remainder when k is divided by 21.
18
Calculate the remainder when 59 is divided by 180/((-18)/(-3)) - (19 - 14).
9
Let y = -256 - -270. What is the remainder when 52 is divided by y?
10
Suppose 0 = 11*n - 873 - 117. Let a = n - 50. Calculate the remainder when a is divided by 11.
7
Let q be 4*10 + (1 - -1). Let c = q - 24. Suppose 0 = -5*w + 1 + 19. What is the remainder when c is divided by w?
2
Let i(b) = b**2 + 2*b - 9. Suppose w = 3*w + 14. Calculate the remainder when i(w) is divided by 9.
8
Let v(j) = -5*j + 278. Calculate the remainder when v(37) is divided by 5.
3
Let y = -11 - 67. Let u = y + 52. Let g = u - -60. Calculate the remainder when g is divided by 12.
10
Let b be 32/(-6) - (-3)/9. Let c be (14 - 9)*(-18)/b. Let g = -1 + c. Calculate the remainder when 66 is divided by g.
15
Suppose 2*y + 648 = 5*d + 217, -2*y - 170 = -2*d. What is the remainder when d is divided by 30?
27
Suppose -c + 169 = w, 4*w = 6*w - c - 344. What is the remainder when w is divided by 35?
31
Suppose -3*z + 74 + 23 = 5*v, 4*z = -4*v + 132. What is the remainder when 153 is divided by z?
17
Suppose 5*b = 3*j - 37, -j + 2*b - 10 = -6*j. Suppose -232 = -j*p + 5*g - 70, -5*g = 2*p - 96. What is the remainder when 127 is divided by p?
41
Suppose -27 + 12 = -3*u. Let f(z) = -z**2 - 6*z - 1. Let k = 9 - 14. Calculate the remainder when u is divided by f(k).
1
Let s(j) be the first derivative of j**3/3 - 9*j**2/2 - 8*j + 3. Calculate the remainder when 6 is divided by s(10).
0
Let f(d) = -2*d**2 + 35*d + 24. Calculate the remainder when 73 is divided by f(18).
1
Suppose 1707 = 2*b - c, -5*b + 3*c + c = -4275. Calculate the remainder when b is divided by 71.
70
Let p(m) = 2*m + 10. Let a be p(-5). Suppose -n + 2*y + 53 = -a*n, 0 = -2*n + 2*y + 102. Calculate the remainder when n is divided by 13.
10
Suppose -7136 = -28*z + 4176. What is the remainder when z is divided by 26?
14
Let t = 2227 - 2158. What is the remainder when 343 is divided by t?
67
Suppose d + 2*d - 15 = 0. Suppose 2*u - 3*n - 24 = -1, 0 = -2*u - n + 3. Calculate the remainder when d is divided by u.
1
Suppose -4*u - s + 8 = 0, -3*u + 2*s = -16 - 1. Suppose 2*f - 158 = -4*z, -2*z = 2*z + 4*f - 164. What is the remainder when z is divided by (u - -1) + -6 + 15?
12
Let y(s) be the first derivative o